 (-17 + -10) - (-2 - -7)).
-17
Calculate -9 - (1 - (-9 + 8 + -3)).
-14
What is the value of 17 - ((-33 - -93) + -32)?
-11
Calculate 3 + -23 + 20 + (7 - 0).
7
Evaluate -23 + (8 - (16 - 19)).
-12
16 + ((9 - 28) + 10 - -3)
10
What is the value of (-6 - (-9 - -3)) + -3 + 3 + 3?
3
Evaluate -26 + (30 - 14) + (21 - (1 + -1)).
11
Evaluate -7 + (17 - (6 - -2)) + 9.
11
What is -5 + -1 - (-3 + 2 + -3 + -2)?
0
What is the value of -5 + -2 + 5 + 14 + -19 + 9?
2
What is -6 + 4 + (-2 - (0 - -4)) + -1?
-9
Calculate (753 - 763) + (-9 - -1).
-18
Calculate -4 + -3 - (-15 + 18 - -9).
-19
What is -3 - ((1 - 5) + (10 - -14) - 3)?
-20
What is (10 - 11) + 8 - (-1 - (-3 + -3))?
2
13 + -7 + 16 + -28
-6
-8 + (5 - (-3 + (8 - 1 - 4)))
-3
What is the value of -4 + (-2 - -15 - 21)?
-12
What is the value of -42 + 32 + (6 - (0 + 16))?
-20
What is the value of 1 + 6 + -1 + -108 + 77?
-25
What is the value of 4 + -4 + (-6 - -2) - -7?
3
-6 - (-14 - (9 - 2))
15
Calculate 3 - 1 - (92 - 99) - (-1 + -6).
16
Calculate 49 + -41 - (9 + 1) - (-14 - 0).
12
What is the value of -5 + 5 + 5 + (-2 + -1 - -1)?
3
What is (-10 - 1) + (-21 - (-28 - -3))?
-7
Calculate -2 + -13 + (17 - -22).
24
Calculate -5 + (-1 - -1) + -154 + -49 + 203.
-5
Evaluate 5 + -22 + 18 + 15.
16
(-10 - (0 + 1)) + 2573 + -2578
-16
What is -15 + (-2 - -5) - (-308 + 275)?
21
What is the value of 12 + -28 - (8 - 22)?
-2
-1 - -8 - (-582 - -592)
-3
What is -25 + 26 + -13 - -34?
22
What is 4 - (7 + -3) - -12?
12
What is the value of 1 - (-6 + 11 + -12 + 0)?
8
What is the value of 5 + 33 + 0 - 16?
22
-12 + 5 - (-6 + 7 - 20)
12
What is the value of (-2 - (-6 + 10) - -3) + -9 - -6?
-6
What is 7 + (-4 - (-2 + 6 + -11))?
10
What is the value of (81 - 39) + -20 + -10?
12
What is the value of 144 + -172 - (-1 - 15) - -38?
26
What is 432 + -417 + (3 - 1)?
17
-8 + -5 - (0 - 1)
-12
18 - (4 + -6) - (1 - -4)
15
What is 8 - (11 + -11 + -4)?
12
18 + 1 + (-6 - -2) - (-1 + 2)
14
Evaluate (-15 - -33) + -19 + (-4 - 9) + -1.
-15
-520 + 506 + 16 + -1
1
Evaluate (1 - -5) + (1 - (2 - 0)) + -19.
-14
What is 4 + -2 + -5 + 5?
2
Evaluate -2 + (3 - 3) - (15 + 5 - 10).
-12
Evaluate -7 - (-21 + 4 - (-1 + 0)).
9
What is -6 - (-3 - -6) - (-18 + 9)?
0
Calculate 20 + -14 + (16 - 14).
8
What is the value of -10 + 15 - -2 - 4?
3
What is the value of 2 - 7 - (-27 - -36)?
-14
What is the value of 13 + -7 - 10 - (3 + -6)?
-1
(0 - -3) + -1 + -1
1
Evaluate (9 - 1) + (-56 - -59) - 30.
-19
Calculate (0 - 16) + (126 - 100).
10
What is 15 + (5 - 1) + -5?
14
Calculate 13 - 24 - -9 - 6.
-8
Calculate 14 + (-17 + 15 - 16).
-4
What is the value of -177 + 142 - ((0 - 15) + 4)?
-24
What is 4 - (3 - 9 - 1)?
11
-6 + (20 - 9) + -4
1
What is -23 + 16 + 17 + -36?
-26
What is the value of 105 - 93 - (2 - 0)?
10
13 + -5 - (1 + 2) - 7 - 6
-8
Calculate 20 + -18 + -5 + 18.
15
Evaluate -2 + -8 + (12 - 6).
-4
What is the value of -6 + (2 + 0 - 2) + 40 + -42?
-8
What is the value of -1 + -4 + 1 - (9 - 9 - 4)?
0
Calculate 1 + (-4 - 16 - -6) + -1.
-14
-2 + 1 + -1 - (-4 + 4 - -11)
-13
Calculate -2 + -1 - (12 + -12 + 2).
-5
Calculate 7 + (3 - (-9 - (-2 + -16))).
1
1 + (-20 + 15 - 1) - -16
11
What is 0 + (4 + -9 + 11 - -5)?
11
18 - ((21 - (20 - 1)) + 2)
14
What is 1 + -1 + (117 - 90)?
27
-3 + 2 + -42 + 37
-6
What is 1 + -12 - (-155 + 150)?
-6
Evaluate 2 - -18 - ((2 - 1) + (9 - 10)).
20
What is the value of (25 - (-28 - -97)) + 17?
-27
16 + -5 + -3 - -4
12
Evaluate 13 + -7 + 17 + 3 - (0 - -8).
18
5 - -10 - ((-25 - -11) + -6)
35
What is the value of (-19 + -17 - -47) + (0 - 0)?
11
-12 + -1 + -22 + 16
-19
-21 + -8 - (4 + -6)
-27
What is -5 - (45 - (44 + -11))?
-17
Calculate 1 + 4 + -5 + (-5 + 6 - 0).
1
What is 2 + 10 + 2 - (-31 - (-27 + -8))?
10
Calculate 29 + -7 + -13 + -6 + 13.
16
What is -2 + 1 + 0 - 4 - (-66 + 66)?
-5
Evaluate -10 - -15 - ((5 - 4) + 2).
2
Calculate (-2 - -6 - -5) + (-14 - -3) + -1.
-3
(2 - (4 + -1)) + (0 - 4) + 3
-2
Calculate (9 - 24 - -9) + 0 - 14.
-20
Calculate 4 - (2 - 0 - (8 + -13) - 4).
1
(-2 - 7) + (-29 - -49)
11
Evaluate ((30 - 21) + 1 + -1 - 1) + -21.
-13
Calculate -28 + (-11 - (-17 + 0)).
-22
What is the value of (-77 - -101) + (-17 - 35)?
-28
Calculate 2 + (-1 - -3) + -257 + 250 - -2.
-1
What is the value of -15 + 34 + -4 + (5 - (-1 + -5))?
26
Calculate (12 - (8 - 6) - (2 + -10)) + -5.
13
What is -35 + 14 - -18 - -12?
9
What is the value of 17 + 7 + -3 + 0 + -11 + -12?
-2
15 - 2 - (13 + 8 + -14)
6
What is 17 - (1 - (-3 - -20) - -6)?
27
Calculate -9 + 2 + -29 + -19 + -22 + 46.
-31
What is (5 - 12) + (4 - -14 - 2)?
9
Calculate 14 + 2 + -2 + -18.
-4
What is (17 + -9 - (5 + -5 + 3)) + 6?
11
(-13 - -16) + 6 + 17
26
Calculate -15 - -12 - (2 + -4) - 5.
-6
-2 + 9 + -6 + -10 - (5 - 6)
-8
-12 - 3 - -17 - (-1 - 1)
4
13 + 0 + -11 + 6
8
What is the value of -4 + (-39 - (-32 + 15))?
-26
What is (13 - 2) + 4 + -18?
-3
What is the value of -7 - (-6 - 9) - 14?
-6
Evaluate 4 + ((9 - -7) + -2 - 2).
16
What is -182 + 194 - (30 - 1) - -9?
-8
Evaluate 8 - ((-7 + 15 - 3) + 2).
1
Evaluate (-49 - -44) + (2 - 3).
-6
Calculate -26 + 11 + (1 - -34) + 6.
26
What is 5 - -1 - 1 - (-7 - (-14 - -4))?
2
Evaluate -11 - ((-13 - 0) + 22 - 8).
-12
(-6 - 1 - (3 + 2)) + 2
-10
What is the value of (-14 - 2) + 6 + 15 + -1 + -7?
-3
Evaluate 1 + -1 - ((10 - -75) + -75).
-10
Calculate (-8 - -1) + (26 + -16 - 3) + -4.
-4
(46 - 4) + 61 + -78
25
What is the value of 8 + -3 - (-17 - -28)?
-6
What is the value of 19 + -6 - 3 - (3 - -4) - -5?
8
(-33 - -14) + (-7 - -19)
-7
(0 - -32) + (-1967 - -1967)
32
11 + -23 + -21 + 17
-16
What is (-39 - -22) + 7 - -18?
8
Evaluate 5 + 0 + -176 + 165 - -7.
1
Calculate 0 - -25 - (-52 + 40 - -15).
22
What is the value of 2 - (-16 - (-12 + 6) - -18)?
-6
10 + (-15 - -3) + -10
-12
What is the value of (-30 - -40) + -7 + (-2 - (2 - 27))?
26
Evaluate -137 + 131 - (2 - -6).
-14
Calculate (-12 + 1 - 4) + (0 - -7).
-8
Evaluate 20 - 2 - (-1380 + 1363).
35
What is 13 - 29 - (4 + -37)?
17
What is 20 + -7 + -9 - -24?
28
What is (-15 - (-29 + 12)) + (-23 - 3) + 4?
-20
What is (1 - 0) + -4 - (24 + -38 + 6)?
5
Calculate (7 - 3) + 28 + 1 + -14 - 11.
8
What is the value of 5 - (3 + (14 - 6)) - (0 + -23)?
17
What is the value of 14 - (1 - -9 - -3)?
1
0 - (-7 - (-4 + 7))
10
What is -1 - 16 - -5 - (-26 + 3)?
11
Evaluate -8 - (-12 + 3 + 0) - -5.
6
12 + (-38 - -13) + 18
5
Evaluate (4 - 4) + (23 + -44 - (10 - 4)).
-27
Evaluate 3 - ((18 - 17) + 17).
-15
Evaluate 1 - (-18 + 9) - (0 - -1).
9
What is the value of -2 + (6 + (12 - 10) - 5)?
1
What is the value of 23 - (-41 - -23 - -27)?
14
What is 20 - (7 - (-13 + 8 + 6))?
14
Calculate 12 - (-12 - (-17 - 15)).
-8
What is the value of -16 + (-14 - -26) + -8 - (2 - 0)?
-14
What is -2 + -15 + -88 + 85 + 9 + -1?
-12
1 - (0 - 5) - 3
3
What is -8 - (-7 + -4 + 3 + 2)?
-2
What is -3 - (13 + -30 - -10)?
4
-28 + 2 - -1 - 1
-26
Calculate (26 - 10 - 14) + 1 + -7.
-4
What is the value of 732 + -719 - (-2 + 0 - -37)?
-22
What is the value of -9 + (9 - (-10 - -1))?
9
-6 + 35 + (-20 - 0)
9
20 + -1 + (440 - 443)
16
Evaluate (17 - (16 + -3)) + (10 - 1).
13
Calculate -233 + 284 + -2 + -32.
17
Evaluate (-4 - (38 + 6)) + 25.
-23
Calculate 0 + (15 - (-11 + 6 - -12)).
8
(39 - 31) + (-11 - -16)
13
0 - -11 - (8 + (27 - 40))
16
Calculate -163 + 168 + (-1 - 13).
-9
0 - 28 - (45 - 65)
-8
Evaluate (66 - 81) + (11 - 1) - (-13 - 1).
9
Evaluate (-3 - -4 - (0 + -2)) + -142 + 104.
-35
Evaluate -1 + 3 + -9 - (53 + -72).
12
What is -120 + 113 - (-1 - (-5 + -1))?
-12
What is the value of 3 - (13 + (-7 - -3)) - (12 - 17)?
-1
Evaluate -7 + (-3 - -18) + (-69 - -82).
21
Evaluate -8 + (36 - (-6 - -8)).
26
What is (-7 - -1) + (8 - 6 - -9)?
5
What is the value of -44 - 0 - (-349 - -322)?
-17
-4 + 1 - (23 - 16)
-10
Calculate -4 - 0 - (-6 - (3 - 7 - -13)).
11
What is the value of -4 + (0 - (-4 + -4 + -1 + 4))?
1
Calculate (-19 + 1 - (632 + -641)) + (-2 - -8).
-3
Evaluate (-20 - -7) + 13 + (-13 - 0).
-13
(15 - 1) + -2 + (-237 - -223)
-2
Calculate -5 + (-7 - -4) + 12 - -26.
30
What is the value of 10 + 1 - (1 + -13 + 5 - -5)?
13
Calculate -14 + (2 - 1 - -3).
-10
Calculate 31 - (27 + 10 + 16).
-22
What is -64 + 19 + (7 - 4) + 14?
-28
(0 - 0) + (65 - 63)
2
What is 17 + 10 + 4 + -35 + 17?
13
What is 15 + 1 + 87 + -74 - (12 - 1)?
18
Calculate (1 - (-3 - -4)) + -33 - (605 + -603).
-35
What is 122 + -130 - (1 +